ded by y?
6
Let h = -413 - -418. Let i = 17 + 1. Calculate the remainder when i is divided by h.
3
Suppose f = v - 30, -f + 120 = 4*v + v. Let m = -16 - -19. Suppose -5*d = -3*k + 36, 10 = -m*d + 1. What is the remainder when v is divided by k?
4
Let b(a) = -a**2 + 10*a + 11. Calculate the remainder when b(10) is divided by 4.
3
Suppose 5*n = 20 + 125. What is the remainder when n is divided by 6?
5
Suppose -2*r + 84 = -2*l, -5*r + l = 5 - 231. Let f = 9 + 7. What is the remainder when r is divided by f?
14
Let z(q) = q + 4. Let f be z(-3). Let x(c) = 6*c**2 + 2*c - 1. Calculate the remainder when x(f) is divided by 3.
1
Let h(x) = x**3 + 21*x**2 + 18*x + 15. What is the remainder when h(-20) is divided by 10?
5
Suppose a - 17 = -4. Let u = 50 + -26. Calculate the remainder when u is divided by a.
11
Let x(l) = -31*l + 3. Let d be x(-3). Suppose -5*a + 114 = -d. Calculate the remainder when a is divided by 15.
12
Let c = 6 - -2. Let t(q) = 2*q + 1. Calculate the remainder when t(7) is divided by c.
7
Let s(b) = -b**3 - 5*b**2 - 2*b - 6. Let w be s(-5). Suppose h - 4*f + 5*f = 9, w*f = 2*h - 48. Calculate the remainder when (27/4)/(5/20) is divided by h.
13
Suppose -6*r = -r - 85. Let k(h) = -h**3 - 10*h**2 + 7*h + 4. What is the remainder when k(-11) is divided by r?
14
Let f = 3 - 3. Suppose 4 = x - f*x. What is the remainder when 14 is divided by x?
2
Let d = 84 - 55. What is the remainder when 56 is divided by d?
27
Suppose r - 3*g - 21 = -5*g, 2*g + 94 = 4*r. Suppose 0 = -s - 0*s + 8. Calculate the remainder when r is divided by s.
7
Suppose -3*a + 69 = -5*x, 7*a - 3*a = 4*x + 84. Let f = 5 + -161. What is the remainder when f/24*(-1 + -7) is divided by a?
16
Let l(z) = -2*z + 21. Calculate the remainder when 25 is divided by l(7).
4
Let o = 10 - 12. What is the remainder when 22 is divided by 45/6 + (-1)/o?
6
Let f(r) = -r**3 + 12*r**2 + 28*r + 16. Calculate the remainder when 26 is divided by f(14).
10
Let s = -21 + 33. Let u = -72 - -106. Calculate the remainder when u is divided by s.
10
What is the remainder when 22 is divided by (6 - 0)*((-130)/12)/(-13)?
2
Suppose 7*o = -0*o + 182. What is the remainder when o is divided by 14?
12
Let g = -39 - -19. Let i = -4 - g. What is the remainder when 46 is divided by i?
14
Suppose -6*u + 20 = 5*k - u, -5*u = -2*k + 8. What is the remainder when k is divided by 4?
0
Suppose 4*t + 4 = 0, 5*h + 5*t = 70 + 25. Calculate the remainder when h is divided by -1*(-1 - -2) + 12.
9
Let d(b) = -b**3 + 5*b**2 + 5*b - 6. Calculate the remainder when d(5) is divided by (-6)/21 + 37*(-2)/(-14).
4
Let i be (3/(-2))/((-3)/6). Suppose -i*p + 8*p - 35 = 0. What is the remainder when 20 is divided by p?
6
Let w(r) = -r - 15. What is the remainder when w(-21) is divided by 1?
0
Let b = 4 + 12. Calculate the remainder when b is divided by 9.
7
Let a(n) = n**3 - 4*n**2 - 2*n - 3. Let c be a(4). Let t = -7 - c. Calculate the remainder when 5 is divided by t.
1
Let q(r) = -r. Let m be q(0). Calculate the remainder when 15 is divided by m + 0 + (11 - 7).
3
Suppose -2*b + 4 = -0. Suppose -3*q + 21 = 3*v, -2*v = -b*q + 16 + 6. Calculate the remainder when ((27 - 2) + 1)/1 is divided by q.
8
Let b(f) = f**3 - 11*f**2 + 13*f - 25. What is the remainder when 39 is divided by b(10)?
4
Suppose 113 + 37 = 3*v. Calculate the remainder when 199 is divided by v.
49
Suppose -5*b + 7 = 2. Suppose 3*s + 2*p - 21 = 0, 2*p - 35 = -0*s - 5*s. What is the remainder when (s/7)/(2/4) is divided by b?
0
Let w(r) = 2*r**2 + 7*r - 11. Let a be w(-8). Suppose 4*s + 13 = a. Calculate the remainder when 23 is divided by s.
11
Let p(s) = -s**2 + 10*s - 8. Let r be p(7). Let z = 26 - r. Calculate the remainder when z is divided by 7.
6
Let t = -2 - -21. Let z(i) = -2*i - 4. Let c be z(-4). Calculate the remainder when 2/(-4) + 226/c is divided by t.
18
Calculate the remainder when (-3 - (0 + -63)) + -3 is divided by 15.
12
Suppose 0 = 24*s - 21*s - 75. Calculate the remainder when 124 is divided by s.
24
Suppose f - 12 = 5*t + 1, 3*t = 5*f + 23. Let b = -5 - -10. What is the remainder when (-5)/2*(f - b) is divided by 16?
14
Suppose 19 = 3*w - 8. Let r(s) = -10*s + 7. Let z(l) = -l - 1. Let x(q) = -2*r(q) - 14*z(q). Calculate the remainder when x(1) is divided by w.
7
Let u = 13 + -9. Suppose 0 = -c + 16 + u. Suppose -4*w + 4*g = -2*w - 38, 5*w + 2*g = 47. Calculate the remainder when c is divided by w.
9
Suppose 4*d - 81 = -8*x + 3*x, -5*d = 2*x - 114. What is the remainder when 46 is divided by d?
22
Let d be 51 + 2 - 4 - -3. Calculate the remainder when d/182 + 299/7 is divided by (-31)/(-3) - (-6)/9.
10
Let p(l) = -l**2 + 6*l + 7. Let h be p(6). Suppose -3*i + h*i = 12. Let q(z) = 5*z - 2. Calculate the remainder when 38 is divided by q(i).
12
Let g be -2 + (-37 - 0/3). Let l be (-2)/10 + g/5. Let q(i) = -i**3 - 9*i**2 - 8*i + 7. Calculate the remainder when q(l) is divided by 4.
3
Suppose -3*p + 13 = -11. Suppose 3*m + p = -i, 5*i + 9 = m + 1. What is the remainder when 49 + (0 - i) + -2 is divided by 17?
15
Suppose -3*d - 4*a + 111 = 0, -3*a + 73 = d + d. Let p(r) = r**3 - 11*r**2 + 11*r + 11. Calculate the remainder when d is divided by p(10).
20
Let b(f) = -f**3 + 4*f**2 - f - 2. Let z be b(2). Suppose 0 = -3*d + 5*t + 2, 3*d = 2*d + 5*t + z. Calculate the remainder when 5*9 + (d - 1) is divided by 15.
13
Let u(x) = -x**3 - 3*x - 1. Let g be u(-2). Suppose 15 = 2*n - g. What is the remainder when 54 is divided by n?
12
Suppose -116 - 73 = -3*l. Let j = l - 35. What is the remainder when j is divided by 15?
13
Let n(p) = -p**2 - 6*p - 1. Calculate the remainder when 21 is divided by n(-3).
5
Suppose -5*r = 3*p - 204, -4*p = r + 4*r - 207. Calculate the remainder when r is divided by 10.
9
Let z(a) = -a**2 + 1. Let w(s) = 17*s**2 + s - 6. Let q(m) = -w(m) - 6*z(m). Let j be q(-1). Let l = j - -13. What is the remainder when 3 is divided by l?
0
Let i(s) = s - 10. Let t be i(10). Suppose 4*l - 2*n - 52 = t, -20 = 6*n - n. Calculate the remainder when 30 is divided by l.
8
Suppose -17 = -4*l - 1. Suppose -2*y + l = -18. Calculate the remainder when y is divided by 3.
2
Let r(t) = t**2 + 5*t - 6. Let w be r(-7). Let i(v) = 2*v**2 - 12*v + 5. Calculate the remainder when i(w) is divided by 19.
18
Suppose 212 + 46 = 3*t. Let d = t + -43. Let z(o) = 14*o**2 - 3*o - 2. Calculate the remainder when d is divided by z(-1).
13
Let w = 41 + -8. Let u = 8 + 4. Calculate the remainder when w is divided by u.
9
Let y = 16 + -24. Let m be (-4)/(-6) - y/6. Suppose 4*s = -20, z = -3*s - m - 3. What is the remainder when 29 is divided by z?
9
Let f = -14 + 23. What is the remainder when 24*(1 + 1)/2 is divided by f?
6
Let m = 81 + -63. Calculate the remainder when 76 is divided by m.
4
Let a(k) = k**2 + 10*k + 10. Let d(l) = 7*l. What is the remainder when d(4) is divided by a(-10)?
8
Let c(r) = r**3 + 6*r**2 + 4*r + 1. Let z be c(-5). Suppose z*w - w = 20. Calculate the remainder when w is divided by 3.
1
Suppose 3*a = -5*d + 25, -d - 4*d = 4*a - 30. Suppose 0 = p - d - 2. Let q(z) = z**3 + 11*z**2 - z - 8. Calculate the remainder when p is divided by q(-11).
1
Let o(v) = -4 - 8*v + 1 + 9*v. Let t be ((-6)/4)/(3/(-16)). Calculate the remainder when o(t) is divided by 3.
2
Let q(v) = 5*v**2 + 3*v + 1. Let l be q(-4). Suppose -4*i - 3*f = -l, -2*i = 2*i + 4*f - 68. Calculate the remainder when i is divided by 5.
3
Let w = 378 + -236. Suppose -o - 299 = -4*v, -11 = -2*v - 3*o + w. What is the remainder when v is divided by 26?
23
Let q(k) = k**3 - 6*k**2 + 6*k. Let p be q(5). Suppose -2*v = p*d - 179, v = -3*d + 31 + 76. Calculate the remainder when d is divided by 18.
17
Let l(p) = -p**3 - p**2 + 3*p + 3. Let m be l(-2). Let i(q) be the first derivative of 33*q**2/2 + q + 1. What is the remainder when i(m) is divided by 12?
10
Suppose 3*d + 0 = -5*c + 4, 3*c = -3*d. Let h = 4 - -1. Let z = h - 2. Calculate the remainder when z is divided by c.
1
Let t(q) = -q**2 + 6*q - 3. Calculate the remainder when t(5) is divided by 5*(-4 - (-21)/5).
0
Let l(a) = -a**3 - a**2 + 62. Suppose 5*g = -3*x + 45 + 86, -58 = -2*x + 4*g. Let z = x + -21. What is the remainder when l(0) is divided by z?
14
Suppose -2*g - 38 = 3*g - 2*l, 3*g = 5*l - 38. Calculate the remainder 